{"id":148,"date":"2016-10-17T10:59:11","date_gmt":"2016-10-17T10:59:11","guid":{"rendered":"http:\/\/www.archeovirtual.it\/?page_id=148"},"modified":"2017-10-23T12:35:55","modified_gmt":"2017-10-23T12:35:55","slug":"ullastret","status":"publish","type":"page","link":"http:\/\/www.archeovirtual.it\/index.php\/expo2016\/ullastret\/","title":{"rendered":"Ullastret"},"content":{"rendered":"<p><img loading=\"lazy\" decoding=\"async\" class=\"aligncenter wp-image-142\" src=\"http:\/\/www.archeovirtual.it\/wp-content\/uploads\/2016\/10\/Ullastret_img_pannello_web-1024x683.jpg\" alt=\"ullastret_img_pannello_web\" width=\"450\" height=\"300\" srcset=\"http:\/\/www.archeovirtual.it\/wp-content\/uploads\/2016\/10\/Ullastret_img_pannello_web-1024x683.jpg 1024w, http:\/\/www.archeovirtual.it\/wp-content\/uploads\/2016\/10\/Ullastret_img_pannello_web-300x200.jpg 300w, http:\/\/www.archeovirtual.it\/wp-content\/uploads\/2016\/10\/Ullastret_img_pannello_web-768x512.jpg 768w, http:\/\/www.archeovirtual.it\/wp-content\/uploads\/2016\/10\/Ullastret_img_pannello_web-1200x800.jpg 1200w\" sizes=\"auto, (max-width: 450px) 100vw, 450px\" \/><\/p>\n<p style=\"text-align: justify;\"><img loading=\"lazy\" decoding=\"async\" class=\"alignleft size-full wp-image-47\" src=\"http:\/\/www.archeovirtual.it\/wp-content\/uploads\/2016\/09\/it.jpg\" alt=\"it\" width=\"32\" height=\"21\" \/>L\u2019installazione permette di compiere un viaggio onirico attraverso il lago, i campi, le strade e le case della citt\u00e0 iberica di Ullastret nel nord della Spagna. La storia \u00e8 narrata da un personaggio eminente dell&#8217;\u00e9lite iberica, che racconta i momenti drammatici della sua vita nella citt\u00e0, insieme ad alcuni animali totemici degli iberici, che giocano un importante ruolo nella narrazione. Per migliorare l\u2019esperienza immersiva, si \u00e8 posta particolare attenzione alla colonna sonore ed agli effetti audio, registrando i suoni dell\u2019ambiente naturale e dell\u2019area archeologica. Obiettivo del progetto \u00e8 quello di rendere partecipe il pubblico, facendolo muovere nel sito inserito all\u2019interno del contesto crono-culturale originario. Per rendere questo mondo virtuale verosimile, sono stati ricostruiti tutti gli edifici, il paesaggio antico (come ad esempio il lago ormai scomparso) e l\u2019impianto urbanistico non pi\u00f9 visibile, animando la ricostruzione architettonica con la vita dei personaggi e degli oggetti, esposti nelle vetrine del museo.<\/p>\n<p style=\"text-align: justify;\"><img loading=\"lazy\" decoding=\"async\" class=\"alignleft size-full wp-image-48\" src=\"http:\/\/www.archeovirtual.it\/wp-content\/uploads\/2016\/09\/en.jpg\" alt=\"en\" width=\"32\" height=\"21\" \/>The application shows a dreamlike journey through the lake, the fields, the streets and houses of the Iberian town of Ullastret in north-eastern Spain. The story is narrated by a member of the Iberian elite, who explains dramatic moments of his life in the town, along with some of the totemic animals of the Iberians that also have an important role in the narrative. To enhance the immersive experience, the attention was also focused on the soundtrack and audio effects, with recordings of the original atmosphere of the natural environment and the archaeological site. The aim of this 3D model is to allow the general public to see the reality of an exceptional settlement in its chrono-cultural context in a new, totally immersive view. Reconstructing all the buildings, ancient landscape (disappeared lake, etc.) and urbanism that has been lost, and the ancient live through the objects that are shown in the museum in its original context.<\/p>\n<p style=\"text-align: justify;\"><b>Link<\/b>:<a href=\"https:\/\/www.youtube.com\/watch?v=Bh0uZLr3saI\"> https:\/\/www.youtube.com\/watch?v=Bh0uZLr3saI<br \/>\n<\/a><b>Istituzioni Coinvolte<\/b>: <a href=\"http:\/\/www.mac.cat\/\">Museu d\u2019Arqueologia de Catalunya<\/a>; <a href=\"http:\/\/cultura.gencat.cat\/ca\/departament\/estructura_i_adreces\/organismes\/dgpc\/accio\/agencia_patrimoni\">Ag\u00e8ncia Catalana del Patrimoni Cultural<\/a> as part of the program Patrimoni en Acci\u00f3 between \u201cLa Caixa\u201d and Departament de Cultura de la Generalitat de Catalunya.<\/p>\n","protected":false},"excerpt":{"rendered":"<p>L\u2019installazione permette di compiere un viaggio onirico attraverso il lago, i campi, le strade e le case della citt\u00e0 iberica di Ullastret nel nord della Spagna. La storia \u00e8 narrata da un personaggio eminente dell&#8217;\u00e9lite&hellip; <a href=\"http:\/\/www.archeovirtual.it\/index.php\/expo2016\/ullastret\/\">More<\/a><\/p>\n","protected":false},"author":1,"featured_media":0,"parent":26,"menu_order":0,"comment_status":"closed","ping_status":"closed","template":"","meta":{"footnotes":""},"class_list":["post-148","page","type-page","status-publish","hentry"],"_links":{"self":[{"href":"http:\/\/www.archeovirtual.it\/index.php\/wp-json\/wp\/v2\/pages\/148","targetHints":{"allow":["GET"]}}],"collection":[{"href":"http:\/\/www.archeovirtual.it\/index.php\/wp-json\/wp\/v2\/pages"}],"about":[{"href":"http:\/\/www.archeovirtual.it\/index.php\/wp-json\/wp\/v2\/types\/page"}],"author":[{"embeddable":true,"href":"http:\/\/www.archeovirtual.it\/index.php\/wp-json\/wp\/v2\/users\/1"}],"replies":[{"embeddable":true,"href":"http:\/\/www.archeovirtual.it\/index.php\/wp-json\/wp\/v2\/comments?post=148"}],"version-history":[{"count":2,"href":"http:\/\/www.archeovirtual.it\/index.php\/wp-json\/wp\/v2\/pages\/148\/revisions"}],"predecessor-version":[{"id":150,"href":"http:\/\/www.archeovirtual.it\/index.php\/wp-json\/wp\/v2\/pages\/148\/revisions\/150"}],"up":[{"embeddable":true,"href":"http:\/\/www.archeovirtual.it\/index.php\/wp-json\/wp\/v2\/pages\/26"}],"wp:attachment":[{"href":"http:\/\/www.archeovirtual.it\/index.php\/wp-json\/wp\/v2\/media?parent=148"}],"curies":[{"name":"wp","href":"https:\/\/api.w.org\/{rel}","templated":true}]}}